{"id":88,"date":"2016-05-19T15:46:06","date_gmt":"2016-05-19T13:46:06","guid":{"rendered":"http:\/\/pro2.unibz.it\/projects\/blogs\/didattica_e_inclusione\/?page_id=88"},"modified":"2016-07-07T15:53:29","modified_gmt":"2016-07-07T13:53:29","slug":"dove-alloggiare","status":"publish","type":"page","link":"https:\/\/didattica-e-inclusione.unibz.it\/?page_id=88&lang=it","title":{"rendered":"Dove alloggiare"},"content":{"rendered":"<h3><strong>Dove alloggiare a Bolzano<\/strong><\/h3>\n<p>La Libera Universit\u00e0 di Bolzano \u00e8 convenzionata con diversi alberghi, qui elencati per categoria e sito Internet. Indichiamo per comodit\u00e0 anche il sito di <a href=\"https:\/\/www.airbnb.com\/s\/Bolzano--Italy\">Airbnb<\/a>, di <a href=\"http:\/\/www.bed-and-breakfast.it\/it\/bolzano\">Bedandbreakfast<\/a>\u00a0e quello del <a href=\"http:\/\/www.bolzano-bozen.it\/alloggi-bolzano.htm\">Comune di Bolzano<\/a>.<\/p>\n<table class=\"ArticleTable\">\n<thead class=\"ArticleTableHead\">\n<tr>\n<th style=\"text-align: left;\">Hotel<\/th>\n<th style=\"text-align: left;\">Sito internet<\/th>\n<\/tr>\n<\/thead>\n<tbody>\n<tr>\n<td>Hotel Eberle****<\/td>\n<td><a href=\"http:\/\/www.hotel-eberle.com\/it\/\" target=\"_blank\">www.hotel-eberle.com<\/a><\/td>\n<\/tr>\n<tr>\n<td>Four Points by Sheraton****<\/td>\n<td><a href=\"http:\/\/www.fourpointsbolzano.com\/it\" target=\"_blank\">www.fourpointsbolzano.it\u00a0<\/a><\/td>\n<\/tr>\n<tr>\n<td>Hotel Greif****<\/td>\n<td><a href=\"http:\/\/www.greif.it\/it\/\" target=\"_blank\">www.greif.it<\/a><\/td>\n<\/tr>\n<tr>\n<td>Parkhotel Laurin****<\/td>\n<td><a href=\"http:\/\/www.laurin.it\/it\/\" target=\"_blank\">www.laurin.it<\/a><\/td>\n<\/tr>\n<tr>\n<td>Parkhotel Luna Mondschein****<\/td>\n<td><a href=\"http:\/\/www.hotel-luna.it\/it\/hotel\/\" target=\"_blank\">www.hotel-luna.it\u00a0<\/a><\/td>\n<\/tr>\n<tr>\n<td>Hotel Scala Stiegl****<\/td>\n<td><a href=\"http:\/\/www.scalahot.com\/it\/informazione\/index.asp\" target=\"_blank\">www.scalahot.it\u00a0<\/a><\/td>\n<\/tr>\n<tr>\n<td>Hotel Figl***s<\/td>\n<td><a href=\"http:\/\/www.figl.net\/\" target=\"_blank\">www.figl.net<\/a><\/td>\n<\/tr>\n<tr>\n<td>Hotel Ideal Park ***s<\/td>\n<td><a href=\"http:\/\/www.hotelidealpark.it\/it\/\" target=\"_blank\">www.hotelidealpark.it\u00a0<\/a><\/td>\n<\/tr>\n<tr>\n<td>Hotel Citt\u00e0***<\/td>\n<td><a href=\"http:\/\/www.hotelcitta.info\/it.html\" target=\"_blank\">www.hotelcitta.com\u00a0<\/a><\/td>\n<\/tr>\n<tr>\n<td>Hotel Rentscherhof***<\/td>\n<td><a href=\"http:\/\/www.rentscherhof.com\/\">www.rentscherhof.com<\/a><\/td>\n<\/tr>\n<tr>\n<td>Arts Hotel***<\/td>\n<td>www<a href=\"http:\/\/www.artshotel.it\/\">.artshotel.it<\/a><\/td>\n<\/tr>\n<tr>\n<td>Hotel Feichter **<\/td>\n<td><a href=\"http:\/\/www.hotelfeichter.it\/\" target=\"_blank\">www.hotelfeichter.it<\/a><\/td>\n<\/tr>\n<\/tbody>\n<\/table>\n","protected":false},"excerpt":{"rendered":"<p>Dove alloggiare a Bolzano La Libera Universit\u00e0 di Bolzano \u00e8 convenzionata con diversi alberghi, qui elencati per categoria e sito Internet. Indichiamo per comodit\u00e0 anche il sito di Airbnb, di Bedandbreakfast\u00a0e quello del Comune di Bolzano. Hotel Sito internet Hotel Eberle**** www.hotel-eberle.com Four Points by Sheraton**** www.fourpointsbolzano.it\u00a0 Hotel Greif**** www.greif.it Parkhotel Laurin**** www.laurin.it Parkhotel Luna [&hellip;]<\/p>\n","protected":false},"author":6,"featured_media":0,"parent":0,"menu_order":16,"comment_status":"closed","ping_status":"closed","template":"","meta":{"footnotes":""},"class_list":["post-88","page","type-page","status-publish","hentry"],"_links":{"self":[{"href":"https:\/\/didattica-e-inclusione.unibz.it\/index.php?rest_route=\/wp\/v2\/pages\/88","targetHints":{"allow":["GET"]}}],"collection":[{"href":"https:\/\/didattica-e-inclusione.unibz.it\/index.php?rest_route=\/wp\/v2\/pages"}],"about":[{"href":"https:\/\/didattica-e-inclusione.unibz.it\/index.php?rest_route=\/wp\/v2\/types\/page"}],"author":[{"embeddable":true,"href":"https:\/\/didattica-e-inclusione.unibz.it\/index.php?rest_route=\/wp\/v2\/users\/6"}],"replies":[{"embeddable":true,"href":"https:\/\/didattica-e-inclusione.unibz.it\/index.php?rest_route=%2Fwp%2Fv2%2Fcomments&post=88"}],"version-history":[{"count":6,"href":"https:\/\/didattica-e-inclusione.unibz.it\/index.php?rest_route=\/wp\/v2\/pages\/88\/revisions"}],"predecessor-version":[{"id":135,"href":"https:\/\/didattica-e-inclusione.unibz.it\/index.php?rest_route=\/wp\/v2\/pages\/88\/revisions\/135"}],"wp:attachment":[{"href":"https:\/\/didattica-e-inclusione.unibz.it\/index.php?rest_route=%2Fwp%2Fv2%2Fmedia&parent=88"}],"curies":[{"name":"wp","href":"https:\/\/api.w.org\/{rel}","templated":true}]}}